-1 = 2*q + 2*m - m, -3*m - 19 = -2*q. Suppose 6*h - 4 = 4*h - 4*r, 5*h + q*r = 18. Let z(k) = -3 + 3*k - 3*k - k - h*k - k**2. Calculate z(-3).
3
Let a(h) = 4*h**2 - h - 5. Let l = -150 - -145. Let k(j) = -5*j**2 + 2*j + 6. Let o(w) = l*k(w) - 6*a(w). Determine o(3).
-3
Suppose -s = -4*z - 1, 0 = -4*z + 7*s - 10*s - 13. Let k(j) = -j**2 + j - 1. Let p(f) = 9*f**2 + 3*f - 4. Let l(r) = 3*k(r) - p(r). Calculate l(z).
-11
Let b(i) = -i**3 - 10*i**2 + 9*i - 13. Suppose -65*k - 420 - 295 = 0. What is b(k)?
9
Let v(n) = -9*n + 150 - 73 - 74. Determine v(1).
-6
Let s be ((-45)/(-3))/((-3)/4). Let q be (-5)/s + 6/8. Suppose 3*y + q = -14. Let d(t) = 2*t + 3. What is d(y)?
-7
Let z(i) = 9*i**2 - 16*i + 5. Let p(b) = -16*b**2 + 31*b - 11. Let w(v) = -4*p(v) - 7*z(v). Calculate w(11).
-2
Let s(n) = n**2 + 3*n + 2. Let p be s(-3). Let r(y) = -593 - p*y - y**2 + 593. Calculate r(-3).
-3
Let c(b) = -14*b - 6 - 2*b**2 + 5*b + 4*b + b**2. What is c(-5)?
-6
Let b = 29 - 32. Let u = 5 + b. Let f(d) = -8 + 9*d**u - 2*d - 8*d - d**2 + d**3. Determine f(-9).
1
Let q(n) = -n**3 + 2*n**2 + 3*n + 3. Let r be 75/225 - (-8)/3. What is q(r)?
3
Let q(d) = -3*d**2 + 8*d - 3. Suppose -10*o + 293 = 243. Give q(o).
-38
Let d(a) = -2*a. Let j(m) = -7*m + 8. Let t(r) = -4*d(r) + j(r). Let f = -2 + 7. Suppose -3*k = f + 7. Give t(k).
4
Let r(a) = -2*a**2 + 3*a - 2. Let x = 311 + -309. Calculate r(x).
-4
Let j(y) = 4*y**2 + 1 + 3 - 5*y - 1. Let b(u) = -u**2. Let g be (-35)/11 + 7/((-77)/(-2)). Let c(h) = g*b(h) - j(h). What is c(5)?
-3
Suppose 40 = 2*q - 6. Let r(s) = 10*s + q*s - 32*s. Calculate r(1).
1
Let l be (-6 - -8)/((-15)/((-75)/10)). Let n(j) = 15*j**3 - 1. What is n(l)?
14
Suppose 3*i - 5*z - 17 = 0, 0 = 2*z - z + 4. Let y be (0 + -3)/(0 + i). Let k(f) = 3*f + 6 - 4*f + 0*f. Determine k(y).
3
Let k(a) = -a - 1. Let d(j) = -j**3 - 6*j**2 + 6. Let t be d(-6). Suppose 5*p + 5*w - 220 = 0, -w = -p - t*w + 28. Suppose -4*s + 20 = p. What is k(s)?
6
Let z be (-6)/9 + 4/6. Let u(q) = z*q - 2 - 2 + q**3 + 2*q + 3. Let l be u(1). Let n(g) = 2*g**2 + 2*g - 3. Calculate n(l).
9
Let x = -129 + 177. Let n(u) = 21*u + 14*u + 16*u - x*u + 2. Give n(-2).
-4
Suppose -5*u + 32 = 2. Suppose -10*d - u = -8*d. Let n(r) = -r**2 + 3*r - 2. Calculate n(d).
-20
Let i(n) = -16*n**3 + 2*n**2 - 1. Suppose 0 = 6*t + 27 - 33. What is i(t)?
-15
Suppose x + 12 = -5*i, -3*x - 5*i + 0*i = 26. Let p(q) be the first derivative of 3*q**2/2 + 9*q + 95. Give p(x).
-12
Suppose 0 = u - 5 + 4. Let c(v) = -30*v + 16. Let t(r) = r. Let w(b) = -c(b) + 4*t(b). Let g(d) = 7*d - 3. Let a(x) = 16*g(x) - 3*w(x). Determine a(u).
10
Let l be ((-4)/(-6)*15)/((-14)/(-28)). Suppose 0 = -6*g + 10*g + l. Let p(d) = -2*d - 4*d + 5*d. Determine p(g).
5
Let k = -2 - -2. Let b(w) = -12. Let o(g) = g - 74. Let f(x) = 6*b(x) - o(x). Calculate f(k).
2
Let u(l) = 8*l + 2. Suppose 5*v - 8 + 23 = 0. Give u(v).
-22
Suppose -2*b + 2*q + q = -36, -3*b - 4*q = -20. Let f(g) = 5*g + 8 + 3 - g**2 - b. Calculate f(6).
-7
Suppose 6*y + 29 = 47. Let j(f) be the second derivative of 0*f**y + 2*f + 0 - 1/2*f**2 + 1/4*f**4. Determine j(-2).
11
Suppose -3*j = -2*j. Suppose -3 = l - j*c - c, -22 = -2*l - 5*c. Let z(p) be the second derivative of -p**4 - 2*p. What is z(l)?
-12
Suppose 5*m - 2*v = 2*v + 77, -3*m + 24 = 5*v. Let c = -12 + m. Let j = 3 + c. Let b(p) = -p**3 + 4*p**2. What is b(j)?
0
Let x(b) = b**2 + 7*b - 2. Suppose -112 = -3*w + 35. Let m = -32 + w. Let v = m + -23. What is x(v)?
-8
Let d(w) = w**2 + 7*w + 4. Let s = -27 + 29. Suppose -5*i + s*y - 39 = 1, -i = -5*y + 8. What is d(i)?
12
Let v(c) = 1. Let w(l) = -14 + 1 + l - 6. Let y(p) = 22*v(p) + 2*w(p). Give y(11).
6
Let h(q) = q**2 - 8*q + 8. Let o be h(7). Let p(r) = 14*r - 5*r + o + 0*r. Determine p(2).
19
Let v(u) = -u - 6 + 2*u + 0*u - u**3. Suppose 3*n + 3*y = -48, y = 2*y + 1. Let d = n + 15. What is v(d)?
-6
Let o(z) be the second derivative of -z**4/12 - z**3/6 - 18*z. Let y(h) = -h**2 + h - 2. Let l be y(2). Calculate o(l).
-12
Let o(p) = 3*p**2 + 3. Let g(r) = -r - 3*r**2 + 0*r**2 + 5 - 4*r**2 - 12. Let k(h) = 2*g(h) + 5*o(h). Let q = 22 + -21. What is k(q)?
0
Let c = 5 + -8. Let v(b) be the first derivative of b**3/3 + b**2 - 3*b + 82. Give v(c).
0
Let i be (2/6)/(16/(-336)). Let c(l) = l**2 + 6*l - 11. Calculate c(i).
-4
Let u(a) = -a**2 + 6*a - 8. Let c = 712 - 707. Calculate u(c).
-3
Let k = 13 + -11. Suppose 2*w + 3*w - 11 = -3*c, -2*w = -k. Let v(o) = 6*o + o**c + 6*o**2 - 3*o**2 - 5*o**2. Calculate v(6).
0
Suppose 4*u = 12 + 4. Suppose -8 = 2*q, -5*q - 41 + 13 = -u*y. Let r(f) = -f**3 + f**2 + 2*f - 3. Determine r(y).
-3
Let h(u) = 11*u**3 - u**2 - 4*u - 3. Let x be h(-2). Let l = x - -82. Let m(t) = t**2 + 5*t + 1. Give m(l).
1
Let m(k) = -4*k**2 + 5*k - 10. Let d(f) = 3*f**2 - 6*f + 12. Let t(c) = -5*d(c) - 6*m(c). Suppose -9 = 4*x + 4*p - 1, 5 = -5*p. Calculate t(x).
9
Let d(o) = o**2 - o + 4*o**2 + 8*o**2 - 3*o**2. Calculate d(-1).
11
Let d(w) = -w**2 - 11*w + 95. Let m be d(-17). Let k(z) = z**2 + 10*z + 17. What is k(m)?
-4
Let w(o) be the second derivative of -o**4/24 - o**3/6 + 3*o**2/2 - o. Let i(l) be the first derivative of w(l). Give i(-4).
3
Let g(c) be the first derivative of -c**2/2 + 11*c - 116. Let l = 7 + -5. Suppose l*f = 7*f. Determine g(f).
11
Let j(h) = -h**2 - 4*h + 2. Let x be j(-4). Suppose -4*g = -x*n + n - 14, -g = -n - 2. Let i be 2 - (-5)/((-10)/g). Let s(m) = m**2 + m - 4. Determine s(i).
-4
Let b be ((-2)/6)/(3/(-27)). Let v(x) = x + 96 + x**2 + 99 - 193. Determine v(b).
14
Let z(s) be the first derivative of s**4/2 - 2*s**3/3 + s + 34. Let l(j) = 2*j + 9. Let q be l(12). Suppose h - 9 = -5*t - q, 5*t + 20 = -5*h. What is z(h)?
1
Suppose 2*c - 7*c + 10 = 0. Let o(t) = c - 1 - 4*t**2 + 0 - 2*t**3 - t + t**3. Let f = -4 - -1. Determine o(f).
-5
Let b(r) = -3 + 4 + r - 7. Let x be 2*(-3)/18 - (-210)/63. What is b(x)?
-3
Suppose 0*u + 5*u + 5 = -3*t, -3*u = -t - 11. Let h(q) = -5*q + u*q**2 + 18 - 31 + 17. What is h(3)?
7
Let l(w) be the third derivative of 0*w + 0 - 1/120*w**6 + 7/60*w**5 - 7*w**2 - 1/4*w**4 + 7/6*w**3. Calculate l(6).
7
Let a(p) be the first derivative of 3*p**2 + 1/3*p**3 - 4*p - 55. Suppose -4*k + o - 20 = 9, 2*o - 16 = k. Calculate a(k).
-4
Let j(m) = m**2 + 8*m + 14. Let r be j(-6). Let a(w) = w + 1. Let l(x) = -3. Let o(d) = r*l(d) + 4*a(d). Let y be (-1)/(-4) - (-14)/8. Determine o(y).
6
Let f = 7 - 12. Let x(a) be the second derivative of a**5/20 + 5*a**4/12 + a**3/6 + 7*a**2/2 + 33*a - 29. Calculate x(f).
2
Let f(u) = 3*u - 13*u**2 - 8*u**2 + 10*u**2 - 2*u. Determine f(1).
-10
Suppose 4*i - 2*q = -q + 16, i + 3*q = -9. Let w be -6 + 3 + -5 + i. Let a(g) = g**3 + 4*g**2 - 3*g + 7. Give a(w).
-3
Let x(j) be the second derivative of j**5/120 - j**4/8 + 5*j**3/3 - 7*j. Let b(i) be the second derivative of x(i). Calculate b(-5).
-8
Let g(m) = 2*m**3 + m**2 + m. Let o(t) = 12*t**3 + 4*t**2 + 6*t - 1. Let b(i) = -5*g(i) + o(i). Calculate b(1).
1
Let b = 0 - 3. Let c(l) = -8 + 3 - l + 6 + 0. Calculate c(b).
4
Let q(w) = -w - 12. Let l be 9*((-286)/182 + 4/7). Calculate q(l).
-3
Let u(p) = p**2 + 6209 - 6212 - p**3 + 3*p**2 + p. Give u(4).
1
Let z(n) = 2*n - 4. Suppose -4*d = -10*d + 6. Suppose a - 2 = d. Determine z(a).
2
Let q(k) = -k**2 + 5*k + 1. Suppose -12 = -26*c + 24*c. Determine q(c).
-5
Suppose 9*n - 45 + 0 = 0. Suppose 6*j + n*u = j + 505, 0 = -2*j + 3*u + 222. Let w(d) = 6*d + 6 - j*d**2 + 49*d**2 + 55*d**2. Give w(5).
11
Suppose -3*s + 2*h = 14, -5*h = 70*s - 71*s - 22. Let y(f) = f**3 + f**2 - 4*f - 5. Determine y(s).
-1
Let g(l) = -3*l**3 - 2*l**2 + l - 1. Let y(z) = -2*z**3 - 3*z**2. Suppose -2*j - 3*j + 17 = 4*i, 5 = i + 2*j. Let q(n) = i*g(n) - 4*y(n). Determine q(6).
15
Let t(k) be the third derivative of 0 + 1/2*k**3 + 1/12*k**4 + 0*k - 18*k**2. Determine t(-6).
-9
Let b(r) be the first derivative of -r**3/3 - 7*r**2/2 - 7*r + 22. Give b(-7).
-7
Let s(q) be the second derivative of q**4/12 + 7*q**3/6 - 11*q**2 + 2*q + 37. What is s(-10)?
8
Let v be (12 - 9 - 3)/2. Let p(j) = j - 12. Calculate p(v).
-12
Let q(p) = 3*p + 4. Let g(w) = 2*w**3 - 2*w**2 - 2*w + 4. Let x be g(0). Give q(x).
16
Suppose 5*k - 22*k - 51 = 0. Let g(w) be the first derivative of w**3/3 + 3*w + 3. Determine g(k).
12
Let g(